prime?
False
Is 868149313 a prime number?
False
Is 181702574893 a composite number?
True
Is 4881262157 a prime number?
True
Is 198604671 a prime number?
False
Is 751823209 composite?
False
Is 917636843 prime?
True
Is 51809294351 prime?
True
Is 75795859 a prime number?
False
Is 315575153 composite?
False
Is 2513077771 prime?
True
Is 8594734409 a prime number?
True
Is 1415480845 a prime number?
False
Is 210217568897 a prime number?
False
Is 23668098683 composite?
True
Is 156904669 composite?
False
Is 61741709 a composite number?
True
Is 3207648901 a composite number?
False
Is 6146798033 a composite number?
False
Is 7782254899 composite?
False
Is 94599240611 prime?
True
Is 24704076323 prime?
True
Is 2496619691 composite?
False
Is 8545194473 composite?
True
Is 246806251 composite?
True
Is 3265758357 a composite number?
True
Is 54061114577 a composite number?
False
Is 24450888181 prime?
False
Is 4979204231 a prime number?
True
Is 20168208967 prime?
True
Is 889636651 a composite number?
True
Is 16920326986 a composite number?
True
Is 17381458907 a composite number?
True
Is 961045601 prime?
False
Is 11209739267 a prime number?
True
Is 5744084399 prime?
False
Is 64339657729 prime?
False
Is 174263399 a composite number?
False
Is 53755010503 prime?
True
Is 4786694201 composite?
False
Is 24539790203 a prime number?
True
Is 2754725633 a composite number?
True
Is 1807086469 a prime number?
True
Is 8937336701 composite?
False
Is 18806960093 composite?
False
Is 408374807 composite?
True
Is 2219202529 a composite number?
False
Is 243452191 a prime number?
True
Is 36764708009 a prime number?
False
Is 104345668907 a composite number?
False
Is 2004203269 a prime number?
True
Is 117355973 prime?
False
Is 355764391 prime?
False
Is 128246955679 composite?
False
Is 22195193389 a prime number?
True
Is 14434560254 composite?
True
Is 1327247861 composite?
False
Is 150820231 composite?
False
Is 404781889 a prime number?
False
Is 12961772947 a composite number?
True
Is 3337194433 prime?
True
Is 81550459 prime?
True
Is 2577737879 a prime number?
True
Is 41398807 a composite number?
True
Is 853280143 a prime number?
True
Is 62530247 prime?
False
Is 471935787 prime?
False
Is 22672440299 a composite number?
True
Is 30985622597 a composite number?
True
Is 2942795309 a prime number?
False
Is 35722337113 composite?
True
Is 3799410691 prime?
True
Is 233566691 composite?
False
Is 19016005039 prime?
False
Is 601387687 composite?
False
Is 40681189741 composite?
True
Is 496832423 prime?
True
Is 2187607937 prime?
True
Is 9280581689 composite?
False
Is 72582071 prime?
False
Is 73678372087 prime?
False
Is 912638053 prime?
False
Is 276885949 composite?
True
Is 14425241318 composite?
True
Is 27440334953 prime?
False
Is 4768658221 composite?
True
Is 1816860323 composite?
False
Is 3688425289 composite?
False
Is 23840577097 prime?
False
Is 7330310201 prime?
False
Is 1392388631 a composite number?
False
Is 25746090563 prime?
True
Is 239382323 prime?
False
Is 23500133669 a composite number?
False
Is 1622384746 a composite number?
True
Is 1284542839 a prime number?
True
Is 4700860601 a prime number?
True
Is 37207481107 a prime number?
False
Is 6315121299 prime?
False
Is 31299772711 a prime number?
False
Is 105682544455 a prime number?
False
Is 31820456639 a composite number?
True
Is 1993570889 composite?
False
Is 12356898943 prime?
False
Is 1292908873 prime?
False
Is 4435497299 a composite number?
False
Is 30923443619 prime?
True
Is 1378496167 a composite number?
False
Is 830074789 a prime number?
True
Is 5253315961 prime?
False
Is 981255867 a composite number?
True
Is 6414452413 prime?
True
Is 297440621 prime?
True
Is 18088573 a composite number?
False
Is 5157670789 prime?
False
Is 254234909 composite?
True
Is 129829598 prime?
False
Is 61579048057 a prime number?
False
Is 24223086291 a prime number?
False
Is 1771430915 prime?
False
Is 44852715799 a composite number?
True
Is 89743304719 a prime number?
True
Is 6843251851 a composite number?
False
Is 6363933431 composite?
True
Is 2217603509 a prime number?
False
Is 176179837 prime?
False
Is 5709756077 prime?
True
Is 2394967873 composite?
False
Is 54013546343 composite?
False
Is 31505139311 a prime number?
False
Is 2857527034 prime?
False
Is 249926653027 a composite number?
True
Is 104412223 a prime number?
False
Is 2822597291 composite?
False
Is 11649925513 a composite number?
True
Is 1086991769 composite?
False
Is 1188945713 a prime number?
True
Is 112815672293 composite?
False
Is 365471341 a prime number?
True
Is 458059897 composite?
True
Is 30382284373 a composite number?
True
Is 97431779 prime?
False
Is 21807271558 prime?
False
Is 269052869 a composite number?
False
Is 1772917589 a prime number?
True
Is 18719887859 composite?
False
Is 786520829 composite?
False
Is 3069447127 a composite number?
True
Is 5508428897 a prime number?
True
Is 207513353 composite?
True
Is 169624709 composite?
False
Is 3155770687 composite?
False
Is 1002528391 prime?
True
Is 14746488494 prime?
False
Is 81319034 a prime number?
False
Is 3137226317 a composite number?
True
Is 4360883377 composite?
True
Is 349126332731 a composite number?
True
Is 1242658973 a composite number?
True
Is 30061884247 composite?
False
Is 20212576151 composite?
False
Is 13961762333 prime?
True
Is 311642185919 composite?
False
Is 127183369 a prime number?
True
Is 243904261 a composite number?
True
Is 9214615673 a prime number?
True
Is 9928244153 a prime number?
False
Is 41472489397 a prime number?
True
Is 1584384959 prime?
True
Is 25511735569 prime?
False
Is 7550462567 a prime number?
True
Is 41045604271 prime?
False
Is 6125740471 composite?
False
Is 262538119 prime?
False
Is 4415023463 a composite number?
True
Is 19777822619 prime?
False
Is 5496490261 composite?
True
Is 7557845381 prime?
True
Is 923733989 a composite number?
True
Is 1846039171 a prime number?
True
Is 381219997 a prime number?
True
Is 82099244219 prime?
False
Is 120912023695 composite?
True
Is 1734898999 composite?
False
Is 12592213657 a prime number?
True
Is 1254329371 a composite number?
False
Is 518496907 prime?
False
Is 3748650149 a prime number?
True
Is 34248745199 a composite number?
False
Is 16821788027 a composite number?
True
Is 1608290731 a prime number?
False
Is 533384317 a prime number?
True
Is 4402522493 composite?
False
Is 27851147 a composite number?
True
Is 2823022361 a composite number?
True
Is 6793167757 a composite number?
False
Is 4843597871 a composite number?
True
Is 142205263 a prime number?
True
Is 450512137 a composite number?
True
Is 21279473657 composite?
True
Is 26364051433 a prime number?
False
Is 586451711 a prime number?
False
Is 12603912187 composite?
False
Is 50214319817 a composite number?
False
Is 5425376809 prime?
True
Is 626730961 a composite number?
True
Is 66280550821 a prime number?
True
Is 10244368231 prime?
True
Is 107396057 a composite number?
False
Is 1473489673 composite?
True
Is 4087555919 a prime number?
True
Is 361353163 a composite number?
False
Is 82277627 composite?
True
Is 281146913 composite?
True
Is 14845945489 composite?
False
Is 295142893 prime?
False
Is 11916155747 a prime number?
True
Is 4750022426 a prime number?
False
Is 92566204097 prime?
True
Is 168042989 a prime number?
True
Is 7296249767 prime?
True
Is 9295522085 a composite number?
True
Is 937003 a composite number?
False
Is 5601311698 a composite number?
True
Is 252707549 prime?
True
Is 12374459 composite?
True
Is 51782468239 a prime number?
True
Is 3068288018 a prime number?
False
Is 70705658053 a composite number?
False
Is 179408101 prime?
True
Is 42782594773 composite?
True
Is 2134217801 a composite number?
False
Is 1163100139 prime?
False
Is 216532051849 a composite number?
False
Is 23213649223 a prime number?
True
Is 379618667 a prime number?
False
Is 1346750453 composite?
True
Is 8750394271 a composite number?
True
Is 54908123 prime?
False
Is 4963527649 a composite number?
False
Is 3853933529 composite?
False
Is 6000376129 composite?
True
Is 6677086421 prime?
True
Is 1155496279 prime?
False
Is 837711449 a composite number?
False
Is 6172691407 prime?
True
Is 2802623221 composite?
False
Is 116048453 a composite number?
True
Is 24148118689 a composite number?
True
Is 6916211149 a prime number?
True
Is 